se -30*o = 9*o - 1482. Suppose 0 = 3*c + 4*u + 8, -c + 4*u = -6*c. Let b = c + 10. What is the remainder when o is divided by b?
10
Let y(g) = g**3 + 3*g**2 - 7*g - 6. Let k be y(-4). Suppose -2*z + 118 = 4*d, z = 3*z + k. Let i = -8 + 24. Calculate the remainder when d is divided by i.
15
Let l(w) = -3*w**3 + w**2 - 2*w - 1. Calculate the remainder when l(-2) is divided by (121/55)/(1/5).
9
Suppose 0 = -3*b + b - 18. Let z = b - -14. Suppose -z*h + 297 = 77. Calculate the remainder when h is divided by 23.
21
Suppose -24 = 4*y - 6*y. Let t = -12 + y. Suppose 11 = 4*r - 5*b, 0 = -r + b - t + 4. What is the remainder when 34 is divided by r?
7
Let h(o) = -10 + 5*o + 0*o**2 + 4*o + 2*o**2 + o**2. What is the remainder when h(-6) is divided by 12?
8
Suppose 0 = 4*u - 3*n + 51, 2*u - 4*n + 0*n + 18 = 0. What is the remainder when 107 is divided by 30 + -1 + (u - -13)?
26
What is the remainder when 82 is divided by 37 - 0 - 1*(-5)/5?
6
Calculate the remainder when 61 is divided by 90/(-50)*(-20)/12.
1
Let r = 328 + -307. What is the remainder when 201 is divided by r?
12
Let a be -1 - (-2 + 2 + -3). Suppose 0*i - 4 = i, -a*i = -4*z + 84. Calculate the remainder when 56 is divided by z.
18
Let n = 87 - 54. Let a = 39 - n. What is the remainder when 22 is divided by a?
4
Suppose 0 = -2*s - o + 32, -2*s - 21*o + 16*o = -16. Calculate the remainder when 250 is divided by s.
16
Let d = -7681 - -7704. Suppose 3*k = 256 + 11. Calculate the remainder when k is divided by d.
20
Suppose -3*l + 5 - 2 = 0. Suppose -5*n = -4*s - s, 5*s + 2 = 3*n. What is the remainder when 29 is divided by (-5)/((l/2)/n)?
9
Suppose 7*t + 5*w + 71 = 10*t, 133 = 5*t - w. Calculate the remainder when 1483 is divided by t.
25
Suppose 111 = x - 2*y, -17 = 3*y - 5. Calculate the remainder when x is divided by 19.
8
Let j(u) = -u**2 + u - 1. Let g be j(2). Let s be 1 + (-2 - (g + -1)). Suppose -2*h + 7*h + m = 9, 5*h - 7 = -s*m. What is the remainder when h is divided by 1?
0
Suppose -564 = -25*z + 161. Calculate the remainder when 34 is divided by z.
5
Let t be (4 + (-9)/6)*2. Suppose 0 = -5*g + t*c + 85, 4*c - 56 - 29 = -5*g. Suppose 0 = p - 13 - 20. Calculate the remainder when p is divided by g.
16
Let k = -228 + 256. What is the remainder when k is divided by 9?
1
What is the remainder when 144 is divided by (-624)/108*-3*6/4?
14
Let k = 9 + -11. Let t(d) = -12*d - 1. Let s(o) = o - 1. What is the remainder when t(k) is divided by s(14)?
10
Let l(c) be the third derivative of -c**4/8 + 5*c**3/6 - c**2. Let b(i) = 4*i**2 - 19*i + 10. Calculate the remainder when l(-7) is divided by b(5).
11
Calculate the remainder when 10 is divided by (-1 - (-6 - -4))/1.
0
Suppose -74 = -2*x + 4*h, x = 2*x + 5*h - 16. What is the remainder when x is divided by 30/50*15 + 7?
15
Let z = -461 + 484. Calculate the remainder when 106 is divided by z.
14
Suppose 0 = 4*w - d + 1, -d - d = 2*w - 2. Suppose 3*b - 4 = 4*b + 2*x, 3*b + 4*x + 6 = w. Suppose b*r - 6 = -r. What is the remainder when 2 is divided by r?
0
Suppose 25*r - 27*r + 1467 = 5*m, 0 = 2*m + 2*r - 588. What is the remainder when m is divided by 60?
53
Let p = 662 - 544. Calculate the remainder when p is divided by 17.
16
Let j = -26 - -31. Suppose -5*x = j*a - 15, 2*x = -3*a - a + 12. Calculate the remainder when a is divided by 3.
0
Let l = -1874 + 2002. What is the remainder when l is divided by 89?
39
Let i(c) = c**2 + 7*c + 15. Suppose -8 = -2*l + 10. Calculate the remainder when i(-10) is divided by 3/((-9)/(-4))*l.
9
Suppose -17*h = 17*h - 2686. Calculate the remainder when h is divided by 8.
7
Suppose 402 = 5*a + l, 16*a - 14*a - 177 = 5*l. Calculate the remainder when a is divided by 46.
35
Let g be ((-8)/(-6))/(2/(-6)). Let m = -112 + 110. Calculate the remainder when 3 + 22 + g/m is divided by 10.
7
Let v(u) = -u**3 + 8*u**2 - 18*u + 53. What is the remainder when 28 is divided by v(6)?
11
Let s = 146 - 121. Calculate the remainder when 124 is divided by s.
24
Suppose -131 = -3*n - 11. Let f(p) = p - 15. Let m be f(15). Suppose 4*g - 12 - 44 = m. Calculate the remainder when n is divided by g.
12
Let b(q) = -q**3 + q - 5. Let s be b(0). Let a(j) = j**2 + 2*j + 6. Calculate the remainder when 55 is divided by a(s).
13
Suppose -2*w = -44 + 4. Let d = 248 + -243. Suppose 0 = d*r - 12*r + 259. What is the remainder when r is divided by w?
17
Let b = 320 - 223. What is the remainder when b is divided by 26?
19
What is the remainder when (-8)/40*(-817 + 2) is divided by 33?
31
What is the remainder when 214 is divided by (-70 - -68)/(13/(-12) + 1)?
22
Let a be 36 - 7/(28/(-16)). Let g = 69 - a. Calculate the remainder when g is divided by 6.
5
Let c(j) = -j - 3. Let n be c(-7). Suppose -93 = -n*f + 27. Let s = 12 + -4. What is the remainder when f is divided by s?
6
Let z(y) = 6*y - 24. Let j be z(9). Let m = 39 - j. Suppose -3*b - b = -64. What is the remainder when b is divided by m?
7
Suppose -133 = 21*q - 364. Calculate the remainder when 604 is divided by q.
10
Suppose -z + 3 = -1. Let w(i) = -i**3 - 24*i**2 + 25*i + 6. What is the remainder when w(-25) is divided by z?
2
Let y(s) = 462*s**2 + 57*s + 56. Calculate the remainder when y(-1) is divided by 13.
6
Let i(u) = -2*u**3 - 11*u**2 - 3*u - 1. Suppose -2*a = -32 - 22. Calculate the remainder when i(-6) is divided by a.
26
Let i be (-8 + 9)/(1/20). Let q = i - 10. Let y(b) = b - 7. Calculate the remainder when 6 is divided by y(q).
0
Let i(c) = -c**3 - 3*c**2 - 3*c + 4. Calculate the remainder when 87/(-5)*((-100)/5 + 15) is divided by i(-3).
9
Suppose 2*j = -2*j + 92. Suppose 7*q - x + 41 = 10*q, q - 37 = -5*x. What is the remainder when j is divided by q?
11
Let w(q) = -2*q**2 - 37*q - 99. Suppose 0*y = y - 24. What is the remainder when w(-13) is divided by y?
20
Let w = 69 - 55. Calculate the remainder when 25 is divided by w.
11
Let k(q) = 5*q**2 + q - 10. Let l(b) = -6*b**2 - b + 9. Let m(j) = 5*k(j) + 4*l(j). What is the remainder when m(-8) is divided by 15?
12
Suppose 5*x - 57*f + 58*f = 418, 5*x - 424 = 2*f. What is the remainder when x is divided by 23?
15
Let b(c) = -c**2 + c + 11. Let a be b(0). Let o(j) = -j**3 - 4*j**2 + 4*j + 3. Let u be o(-5). Let t = a - u. What is the remainder when 6 is divided by t?
0
Let a = -91 - -97. Calculate the remainder when (-1)/(-2) + (879/a - -1) is divided by 15.
13
Let r(d) = 4*d + 4. Let t be r(-1). Suppose -5*h + 410 = -t*h. Calculate the remainder when h is divided by 14.
12
Let p be 1/1 + -56 + 4 + -4. Let d = p + 85. Calculate the remainder when d is divided by 17.
13
Let n(l) = -30*l - 3. Suppose -c + 65 = 35. Calculate the remainder when n(-5) is divided by c.
27
Let h be 8 + 286/(-77) + (-4)/14. Calculate the remainder when h/(120/354)*5 is divided by 1/(0 + (-2)/(-30)).
14
Let p = 354 + -326. Calculate the remainder when 133 is divided by p.
21
Let h(z) = 2*z**2 - 33*z + 22. What is the remainder when 127 is divided by h(17)?
10
Let x(w) = -5*w + w**2 + 2*w + 7*w - 23 + 9. Suppose 3*v - 2*d - 39 = -6*d, 2*d - 45 = -3*v. What is the remainder when x(5) is divided by v?
14
Suppose 0 = 65*i - 47*i - 180. Calculate the remainder when 55 is divided by i.
5
Suppose 3*i + 21 = f, i + 2 = 3*i. Suppose 8 = 13*c - 109. What is the remainder when f is divided by c?
6
Suppose -2*l = -14 - 72. Suppose -41 = -7*f + l. Let p(q) = -7*q - 9. What is the remainder when p(-6) is divided by f?
9
Let w(y) = 3*y**2 - 48*y - 13. Let g = -29 + 46. Calculate the remainder when w(g) is divided by 8.
6
Suppose -1 = t - 2. Suppose -3*k = -4*k + t. What is the remainder when 37/k + (-28)/7 is divided by 7?
5
Let m(v) = 21*v - 263. What is the remainder when m(22) is divided by 20?
19
Let c be 2 + -1 + -3*(-6)/(-18). Suppose c = -7*a + 359 + 96. What is the remainder when a is divided by 23?
19
Let o(n) = 11*n**2 - 47*n + 116. Let z(y) = 4*y**2 - 16*y + 39. Let v(u) = -6*o(u) + 17*z(u). What is the remainder when 114 is divided by v(4)?
36
Let v = 1295 - 1292. Calculate the remainder when (-2)/4 - 165/(-10) is divided by v.
1
Let c = 65 + -43. What is the remainder when 151 is divided by c?
19
Suppose 5*y - p = 7*y - 247, 2*y + 3*p - 241 = 0. What is the remainder when y is divided by 67?
58
Suppose -209 = 15*o - 26*o. What is the remainder wh